-4*l**2 + 5*l + 2. Let x(w) = w**2 - w + 2. Let h(y) = -a(y) - 3*x(y). Let g(r) = -7*r**2. Let c be g(-1). Is 11 a factor of h(c)?
True
Is 8 a factor of 54*(440/30)/2?
False
Let w = 300 - 30. Does 3 divide w?
True
Let z be 1370/35 + 1/(-7). Let c = z + -34. Is 27 a factor of (-108)/(-1*(c + -4))?
True
Let r be -2 + (-2)/(-2) + 5. Suppose 283*g - 289*g = 0. Suppose 0 = -v + 2*z + 17, -2*z - 2*z + r = g. Is 12 a factor of v?
False
Let h(l) = -l**2 + l**3 - 7 + 4*l + 7. Let r be h(3). Suppose 2*t + 2*c - 6 = r, 3*c = 3*t - 60. Does 8 divide t?
False
Let g be (1/3)/(4/48). Suppose g*q = q + 189. Is 14 a factor of q?
False
Let f(h) = -5*h + 8. Let t be f(-4). Let z = -4 + t. Is z a multiple of 8?
True
Let g be (8 + -5)*(-26)/(-6). Suppose 0 = -2*j + g + 1. Is 2 a factor of j?
False
Suppose 5*o + 136 = z, 5*o + z + 2 + 132 = 0. Let d = 52 + o. Does 25 divide d?
True
Let a(b) = b**2 + b + 6. Let k be a(-7). Let d be (-33 - -1 - 0)/((-10)/25). Let m = d - k. Is 9 a factor of m?
False
Let u(y) = 3*y + 9. Is 10 a factor of u(3)?
False
Let p(z) = 9*z**2 - 29*z + 36. Is 78 a factor of p(9)?
False
Let i(u) = -2*u - 8. Let v be i(-12). Suppose 5*f + b - v = 0, 4*b = -2*f - f + 13. Is 2 a factor of f?
False
Let q = -181 - -214. Does 19 divide q?
False
Let i = 276 + -565. Let g = -199 - i. Is 15 a factor of g?
True
Let y = 1428 - 1423. Is 4 a factor of y?
False
Suppose -2*r + 8351 = m, 35*m = -2*r + 38*m + 8339. Does 55 divide r?
False
Suppose 0 = -13*m + 2*m - 121. Let v(l) = -2*l + 11 - 2*l - 3. Is v(m) a multiple of 12?
False
Let c = -1149 - -2023. Is 18 a factor of c?
False
Let n(q) = q - 6. Let r be n(12). Suppose r*i - 102 = -24. Is 13 a factor of i?
True
Let m = 118 + -115. Suppose 5*d - 5*o - 355 = 0, -d + m*o = 6*o - 67. Is 7 a factor of d?
True
Suppose -t - n + 146 + 309 = 0, 0 = -3*t + n + 1373. Is t a multiple of 22?
False
Let h be -5 - -1 - (9 - 350). Let g be 8 - 5 - (0 - h). Suppose -98 = 4*q + s - g, -s = 3*q - 182. Is 13 a factor of q?
False
Suppose -1171 = -s + 5*j, -1658 = -3*s + 5*j + 1865. Is 28 a factor of s?
True
Let k(g) = -g**2 - 6*g + 2. Let c be k(-6). Let o(x) = -4*x + x**3 + 1 + 9*x**2 - 4 + 14*x + 7*x**c. Does 13 divide o(-15)?
False
Let p(j) = 10*j**2 + 8*j + 6. Let i be p(-1). Suppose 6*n + 12 = 2*n. Is 6 a factor of 4 + n/((-3)/i)?
True
Let b = -526 - -1096. Does 19 divide b?
True
Let n(k) = -k**3 + 12*k**2 - k - 6. Is n(11) a multiple of 50?
False
Suppose 0 = -2*s + 13 + 31. Let m = s - -2. Does 8 divide m?
True
Let z = 6 - 9. Let m be 5 + (3 - 6 - z). Is (-117)/(-45) - (-2)/m even?
False
Let w be -1*(-1 + (0 - -1)). Suppose w = 4*v - 0 - 20, 5*v - 35 = -2*s. Suppose -3*r + x + 23 = -0*r, -s*r + 3*x = -37. Is r a multiple of 4?
True
Suppose -5*b = -70 - 20. Suppose 0 = -7*w + 2*w. Suppose -b + w = -m. Is 9 a factor of m?
True
Suppose 0 = 6*z - 2552 - 322. Is 43 a factor of z?
False
Let u = -93 - -142. Suppose d - p = u, 5*p = -d + 72 - 17. Does 9 divide d?
False
Let a = -38 + 52. Suppose -1026 = -a*w + 5*w. Does 19 divide w?
True
Let z be 0 + 0 - (1 - 69). Suppose 5*w = -2*b - 2*b + z, 0 = -3*w + 5*b + 26. Is 17 a factor of w/(4 + -1) + 64?
True
Suppose 5*d = p - 234, 3*p + 15*d = 17*d + 741. Is p a multiple of 6?
False
Suppose 0*r - 882 = -6*r. Does 21 divide r?
True
Let q = -25 + 27. Suppose o = q - 0. Suppose w - 2*k = 56 + 8, -116 = -2*w - o*k. Is 10 a factor of w?
True
Let h(s) = 0*s - s + 4*s - 10. Let m be -7 + 6 + (10 - (1 - 0)). Is h(m) a multiple of 7?
True
Let f = 113 + 359. Is 5 a factor of f?
False
Suppose 387 - 2097 = -2*z - 2*d, -5*z - d + 4255 = 0. Does 7 divide z?
False
Let n = 18 - 15. Suppose -5*u + 1581 = -n*z, -23 = -u + 2*z + 296. Is u a multiple of 13?
False
Suppose m = 5*b + 474, 4*m - 1449 - 539 = -3*b. Is m a multiple of 8?
False
Let h(p) = p**2 - 6*p + 1. Let l be h(11). Let v = l - -25. Is v a multiple of 7?
False
Suppose -3*s = 238 - 1393. Does 35 divide s?
True
Let u(i) = -7*i + 4. Let n(d) = d + 7. Let o be n(-12). Is 4 a factor of u(o)?
False
Let i = 22 + -18. Suppose -i + 36 = f. Is f a multiple of 16?
True
Let h be 6*((-1)/6 - -1). Suppose -h*s + 494 + 16 = 0. Does 28 divide s?
False
Suppose 1 = 4*w - 299. Does 75 divide w?
True
Suppose 0*f + 3*f = 9. Let b(q) = 0*q**f + 4*q**3 - 4*q - 5*q**3 - 309*q**2 - 17 + 318*q**2. Is 5 a factor of b(8)?
True
Let h(a) = -a**3 + 15*a**2 + 20*a - 48. Does 39 divide h(12)?
True
Suppose x - 7 + 11 = 0. Is 10 a factor of 52 - x/(-2 + -1 - -1)?
True
Let f(k) = -3 - 6*k**2 + 7*k**2 - 1 - 6*k. Does 2 divide f(8)?
True
Suppose 0 = -r + 7*r. Suppose -d - 4*g + 71 = -0*d, -2*d + 3*g + 109 = r. Suppose 5*n - 151 = d. Is 9 a factor of n?
False
Let i(m) = m**3 + 5*m**2 - 6*m + 2. Let v be i(-6). Suppose v*c = 4*c. Suppose 0 = -u + 4, c*u - 3*u = -5*a + 228. Does 13 divide a?
False
Suppose 21*n - 7530 = 6*n. Does 7 divide n?
False
Suppose -81 = -342*t + 339*t. Suppose 10*x + t = 527. Does 10 divide x?
True
Suppose 0*t - 5*t + 5*h + 1270 = 0, -770 = -3*t + h. Suppose 2*z + 48 = t. Is 21 a factor of z?
True
Suppose -5*f + 7 = -2*q, 7 = 4*f - 2*q - q. Suppose -5*b + 5*t + 655 = 0, f = -5*t - 14. Does 16 divide b?
True
Is 28/(-16)*(-384)/2 a multiple of 11?
False
Let s(z) be the third derivative of -z**5/60 + 5*z**4/24 - 4*z**3/3 - 3*z**2. Let l(a) be the first derivative of s(a). Is l(-6) a multiple of 11?
False
Let y(j) = -j**3 + 4*j**2 + 6*j - 2. Let t be y(5). Suppose -3*i - t = 3. Does 15 divide i + (4*16)/2?
True
Let y(f) = f**2 - f - 1. Let c be y(2). Let w(l) = -c + 6 - 4 + 0 - 7*l. Does 6 divide w(-3)?
False
Let h(i) = 4*i - 28. Is 16 a factor of h(11)?
True
Suppose s + 2*s = 0. Let g be 0 + s + 3 + 3. Suppose 8*t - g*t = 88. Is t a multiple of 11?
True
Let x(y) = -y**3 - 5*y**2 + 9*y + 6. Let n = -20 + 13. Is 12 a factor of x(n)?
False
Let d(b) = -596*b - 482. Does 26 divide d(-6)?
True
Suppose -170 = -2*s - 3*f, -2*s - 3*f + 261 = s. Let m be s/21 - (-1)/(-3). Suppose -5*t - 2*u + 66 = -t, -m*t + u = -57. Is 3 a factor of t?
True
Suppose 17 - 6 = 5*x - 4*q, 21 = -x - 5*q. Let i be (72/(-12))/(6/(-4)). Is (62*(-2)/i)/x a multiple of 22?
False
Let u = 840 - 768. Is 5 a factor of u?
False
Suppose 24 = -2*l + 8*l. Let y(i) = -i**3 - 2*i**2 + 5*i + 13. Let k(n) = n**2 - n - 1. Let p(s) = -4*k(s) - y(s). Does 8 divide p(l)?
False
Let u = 381 - 183. Is 46 a factor of u?
False
Let d = -62 - -222. Suppose -70 = 5*z - d. Is 3 a factor of z?
True
Let j(v) = -2*v**3 - v**2 + 12*v - 2. Is 5 a factor of j(-4)?
False
Suppose c - 2*c - 4*k = -4, 0 = -5*c - 5*k + 20. Is 15 a factor of 40/60*138/c?
False
Suppose -206*l = -198*l - 5040. Is l a multiple of 57?
False
Suppose 24 = -4*z - 4*a - 28, 0 = -3*a - 12. Is 32 a factor of 129 + 0 - (-8 - z)?
True
Let z = -656 + 864. Is z a multiple of 4?
True
Suppose -2*i - 62 = -278. Does 27 divide i?
True
Suppose -24*y + 13168 = 208. Is y a multiple of 9?
True
Let x = 15 + -18. Let r be -4*(x - 20/(-8)). Suppose -23 = -a + r. Is 7 a factor of a?
False
Let s(p) = p**3 - 2*p**2 - 62*p + 18. Does 19 divide s(10)?
False
Let o(m) = m + 13. Let b be o(11). Suppose 5*p = -4*s + b, -5*p + 22 = -s + 3*s. Suppose -16 + p = -d. Is d a multiple of 4?
True
Let d = -771 + 1181. Does 10 divide d?
True
Let k = 6 + -3. Let i(q) = -7 + 3*q + 2*q**2 + 0*q**2 - k - q**2. Does 15 divide i(-8)?
True
Let k(h) = 536*h**2 + 5*h + 1. Does 19 divide k(-1)?
True
Let g = 12 - 12. Let v(i) = i**3 + 2*i + 3. Is v(g) a multiple of 2?
False
Suppose 3*s = -5*l + 313, 3*s - 2*s + 61 = l. Let r = l - 39. Does 6 divide r?
False
Let j(k) = 2*k**3 + 45*k**2 + 14*k + 49. Does 9 divide j(-22)?
True
Let q = 716 + -56. Is q a multiple of 17?
False
Suppose -6*f = -992 - 124. Does 9 divide f?
False
Let p = 4 - -1. Suppose -4*v = -p*n - 26 + 4, 0 = -v + n + 5. Suppose -v*i - 4*k - 38 = -5*i, 0 = -4*k. Does 5 divide i?
False
Let b(a) = a**2 - 8*a + 12. Let f = 4 - -6. Does 5 divide b(f)?
False
Let t = 751 + -414. Does 19 divide t?
False
Let m(c) = c + 4. Let v be m(-2). Suppose r = -4, -v*r = -3*i - 13 + 69. Is 11 a factor of i?
False
Suppose 4*c = -144 + 344. Is 12 a factor of c?
False
Let c(v) = 3*v - 11. Let m be c(14). Let j = 37 - m. Is j a multiple of 3?
True
Suppose -4*d + 57 + 183 = 0. Let y = -364 - -369. Suppose 80 = y*h - d. Is 14 a factor of h?
True
Suppose -5*j - 73 + 